t b = -12263 + 24148. What are the prime factors of b?
5, 2377
Let p = 74 + -24. Suppose -p*t + 14128 = -34*t. List the prime factors of t.
883
Suppose -6*l - 9717 = -3*j - 11*l, -2*l = 2*j - 6482. What are the prime factors of j?
2, 811
Suppose 393*f + 4*d - 31378 = 390*f, 31385 = 3*f + 5*d. What are the prime factors of f?
2, 5, 11, 19
Suppose 56*r - 3*v = 55*r, -2*r - 7 = v. What are the prime factors of (2 - -1)*(-317)/r?
317
Let l = 19034 + -12917. What are the prime factors of l?
3, 2039
Suppose -5*w + 10 - 12 = -2*z, 3*w = 0. Suppose -2*q = -4*y - 734, z = 5*y - 14. List the prime factors of q.
373
Suppose -c - 2*i = c - 2, 4*c + 1 = i. Suppose -5*x + c*q + 2736 = -3*q, 2184 = 4*x - 4*q. List the prime factors of x.
3, 61
Suppose 301 = 5*i - 1119. Let m = i + -152. What are the prime factors of m?
2, 3, 11
Let a be (-1)/(-4*1 + 3645/915). Suppose -56*t + a*t - 1900 = 0. What are the prime factors of t?
2, 5, 19
Let l = -2805 + 13439. What are the prime factors of l?
2, 13, 409
Let g(r) = -474*r + 57. What are the prime factors of g(-18)?
3, 7, 409
Suppose -10*p + 60503 + 98667 = 12*p. List the prime factors of p.
5, 1447
Let u(h) = -129*h**2 - 17*h + 39. Let a(i) = 32*i**2 + 4*i - 9. Let w(x) = 9*a(x) + 2*u(x). Let o = 2 - 4. List the prime factors of w(o).
113
Suppose 2*j - j = 3. Suppose j*u + 100 = 4*u + 2*d, -492 = -5*u - 2*d. What are the prime factors of u?
2, 7
Let f be -4 + 0 + 3 - 1*-3. Suppose 0 = 3*w + f*p - 300, -w + 400 = 3*w + 4*p. List the prime factors of w.
2, 5
Let a be (-4)/7*(-1155)/(-66). Let x(d) = -78*d - 220. What are the prime factors of x(a)?
2, 5, 7
Let y(d) = 5*d**2 - 18*d - 50. Let v be y(13). Suppose v = 7*n - 496. What are the prime factors of n?
151
Let d(k) be the third derivative of -5*k**4/6 + 5*k**3/6 + 32*k**2. Let n be d(-3). Suppose n = -s + 233. What are the prime factors of s?
2, 3, 7
Let m = -43360 - -43668. List the prime factors of m.
2, 7, 11
Suppose a = 4*x + 10701, 333*x - 53457 = -5*a + 329*x. What are the prime factors of a?
17, 37
Let t(m) = 1871*m**2 - 104*m + 34. What are the prime factors of t(-4)?
2, 15193
List the prime factors of (-2)/(-7) + 2 + 0 + 570983/49.
3, 5, 7, 37
Suppose 0 = h + 3*s - 7464, 2*s = 51 - 41. What are the prime factors of h?
3, 13, 191
Let s(n) = -3 + 8*n**3 + n**2 + 4*n - 2*n - 7*n**3 - 8*n. What are the prime factors of s(5)?
3, 13
Suppose -4*v - 4*i = -2*v - 18, i - 3 = 0. Suppose 7*x + v = 8*x. Suppose x*g - u = 212, 0 = -u - 2 - 3. What are the prime factors of g?
3, 23
Let o(r) = 626*r - 5. Suppose -6*y - 12 = -18*y. What are the prime factors of o(y)?
3, 23
Let j = 387 + 4760. List the prime factors of j.
5147
Suppose -28*d = q - 2*q + 3839, -d = -5*q + 18361. List the prime factors of q.
3671
Let z(b) = 4*b**3 - 11*b**2 - 362*b. What are the prime factors of z(15)?
3, 5, 373
Suppose 249*v - 244*v + 5*w - 45170 = 0, -8*w = v - 8999. List the prime factors of v.
3, 23, 131
Let t(i) = 492*i**2 - 23*i + 33. List the prime factors of t(6).
3, 5869
Let u = -284 + 326. What are the prime factors of 7/(u/276) + 3?
7
Suppose -2*t = -t - 4. Suppose t*x - 9*x + 15 = 0. Suppose -10*y - 166 = -n - 9*y, 2*n = x*y + 332. List the prime factors of n.
2, 83
Let a(x) = x**2 - 8*x + 3. Let s = -46 - -51. Suppose s*u - 40 = -0. What are the prime factors of a(u)?
3
Suppose 55*h - 36*h - 380 = 0. Suppose 29*n - h*n - 7659 = 0. List the prime factors of n.
23, 37
Let u = 2565 - -176. List the prime factors of u.
2741
Suppose 581*x - 27235 = -579*x + 1147*x. What are the prime factors of x?
5, 419
Let h(s) = -s**3 + 14*s**2 - 23*s - 5. Let t be h(13). Let u = t + 141. List the prime factors of u.
2, 3
Let f(l) = -8*l - 4. Let p be f(-2). Suppose p*g - 45 = 231. Suppose -o + g = -20. What are the prime factors of o?
43
Let r(l) be the first derivative of 3*l**4/4 - 3*l**3 - 3*l**2 + 15*l + 44. List the prime factors of r(4).
3, 13
Suppose -4*d + q = -64 + 695, q + 482 = -3*d. Let p = d + 212. What are the prime factors of p?
53
Suppose -4*v + 21 = 4*p + 5, -v + 4 = -2*p. Suppose p = t + 5*m - 1140, 2*t - 2238 = -70*m + 74*m. What are the prime factors of t?
3, 5
Let g = 184 - 179. Suppose -k = -7*r + 11*r - 761, -g*k = r - 3729. List the prime factors of k.
5, 149
Suppose -11*u + 107 = 41. Suppose -h - u = -2*l, -2*h - 21 + 4 = -3*l. What are the prime factors of (4 - (-108)/h)*-28?
7, 11
Let y(z) be the first derivative of -z**4/4 + 4*z**3/3 + 37*z**2/2 - 18*z - 26. List the prime factors of y(-9).
2, 3, 13
Let m(a) = 6 + 3*a + 5 - 21. Let j be m(4). Suppose 3*o - 152 = -j*q, q = 3*o - 0*q - 167. What are the prime factors of o?
2, 3
Let n(s) = -76*s + 76. Let h(m) = 7*m - 7. Let r(o) = 32*h(o) + 3*n(o). Let a be r(-6). Let u = 80 - a. List the prime factors of u.
2, 13
Suppose -h = -16484 + 684 - 2614. What are the prime factors of h?
2, 3, 11, 31
Let k(s) = 191*s**2 - 175*s + 63. What are the prime factors of k(7)?
7, 1171
Suppose 375326 = 16*n + 62718. What are the prime factors of n?
2, 9769
Suppose -5*p + 2*q + 451106 = 0, -250*p - 451120 = -255*p - 5*q. List the prime factors of p.
2, 3, 11, 1367
Let n(s) = -3*s**3 + 8*s**2 - 44*s - 31. What are the prime factors of n(-12)?
6833
Let g = -14 + 13. Let o be -3 - (g - -2) - 7. List the prime factors of (o + -4)*-1 - 0.
3, 5
Suppose 0 = -4*g + 5*l + 80974 - 6485, 2*g + 2*l - 37240 = 0. List the prime factors of g.
3, 2069
Let z(u) = -2*u**3 + 17*u**2 + 16*u - 9. Let c be z(9). Suppose c*d - 3276 = 41*d. What are the prime factors of d?
2, 3, 7
List the prime factors of (84045/39 + (-1)/(-3))/((-11)/(-198)).
2, 3, 53, 61
Let p = 7250 - -6233. List the prime factors of p.
97, 139
Let y(f) = 4*f - 67. Let p be y(0). Let s = 67 + p. Suppose -2*g + 7*g - 935 = s. What are the prime factors of g?
11, 17
Let s be 9/21 - (-240)/28. Suppose -8*d - 576 = -s*d. Suppose -d = 5*a - 14*a. List the prime factors of a.
2
Let w(j) = -13*j - 10. Suppose 34*d = 29*d. Suppose d = -6*q - 98 - 4. List the prime factors of w(q).
211
Suppose -72*a + 22584 = -68*a. List the prime factors of a.
2, 3, 941
Suppose 11*z = 35*z - 18456. Suppose -z = -n + 5*c, n + 768 = 2*n - 4*c. List the prime factors of n.
2, 191
Let o = 94 + -90. List the prime factors of 1*((o - 1) + 674).
677
Let w(h) = -1384*h - 2000. List the prime factors of w(-14).
2, 3, 181
Let l = 27407 - 17056. List the prime factors of l.
11, 941
Suppose 34*p = 33*p + 3*o + 3097, -p = 3*o - 3061. List the prime factors of p.
3079
Suppose z = -5*v + 200 + 58, 2*v = 8. Suppose -2*q + 55 = 5*i - 112, -3*q + z = -5*i. List the prime factors of q.
3
Suppose -15*n + 12*n + 9 = 0. Suppose -5*b = -5*l + 35, 0 = n*b - l + 30 - 5. List the prime factors of (-17)/2*((-10 - -5) + b).
7, 17
What are the prime factors of -87282*(-32)/648*9?
2, 13, 373
Let s(w) = -w**2 - 12*w - 16. Let j = -71 + 61. Let f be s(j). Suppose -f*o = -o - 294. What are the prime factors of o?
2, 7
Suppose 4*u - 5 - 11 = 0, -o = 4*u - 6093. Suppose -6703 = -20*a + o. What are the prime factors of a?
3, 71
Let y(h) = 49*h + 914. List the prime factors of y(-18).
2
Suppose -1 = -q, 22796 = u + 37*q - 33*q. List the prime factors of u.
2, 7, 11, 37
Suppose -3*p + 5*p - 6 = 0. Let u be p + (1 - 4) + 332. Suppose 2*y = 7*a - 3*a - 332, -u = -4*a + 5*y. What are the prime factors of a?
83
Let a(j) = 911*j - 705. What are the prime factors of a(8)?
29, 227
Let f(p) = -17*p - 5. Let z(y) = y**3 + 6*y**2 - y + 7. Let n be z(-5). Let g = 33 - n. What are the prime factors of f(g)?
3, 7
Let o(d) = -36*d + 108. Let f = -555 - -548. What are the prime factors of o(f)?
2, 3, 5
Let m = -115 + 107. What are the prime factors of 6 + (669 - m) - -7?
2, 3, 5, 23
Let c = 35237 - 21513. List the prime factors of c.
2, 47, 73
Suppose -4*l = s - 5083, s - 964 = -l + 4122. Let u be (0 - s) + 6 + 35/(-5). What are the prime factors of 6/(-33) - u/33?
2, 7, 11
Let l(f) = 8 - 3 + 19*f - 5. List the prime factors of l(24).
2, 3, 19
Suppose -t = -2*h + 27, 3*t - 17 = -2*h + 22. Suppose -5*a = -0*a - 5*y - 155, -h = -5*y. List the prime factors of a.
2, 17
Let l(o) = 94*o + 2874. What are the prime factors of l(60)?
2, 3, 11, 43
Let g be (-5 - -4) + -4 + 9. Suppose -h + 164 = d - 2*h, g*d + 4*h - 640 = 0. List the prime factors of d.
2, 3
Suppose 6 = 